e the remainder when 672 is divided by 26.
22
What is the remainder when 2015 is divided by 9?
8
Calculate the remainder when 3647 is divided by 73.
70
What is the remainder when 5460 is divided by 30?
0
What is the remainder when 243 is divided by 16?
3
Calculate the remainder when 2045 is divided by 32.
29
Calculate the remainder when 115 is divided by 30.
25
Calculate the remainder when 400 is divided by 41.
31
Calculate the remainder when 89 is divided by 36.
17
What is the remainder when 997 is divided by 40?
37
Calculate the remainder when 79 is divided by 17.
11
Calculate the remainder when 56896 is divided by 25.
21
Calculate the remainder when 172 is divided by 26.
16
Calculate the remainder when 410 is divided by 362.
48
What is the remainder when 1108 is divided by 333?
109
Calculate the remainder when 527 is divided by 5.
2
Calculate the remainder when 921 is divided by 19.
9
What is the remainder when 126 is divided by 22?
16
Calculate the remainder when 987 is divided by 9.
6
Calculate the remainder when 100 is divided by 54.
46
What is the remainder when 261 is divided by 25?
11
Calculate the remainder when 709 is divided by 310.
89
What is the remainder when 173 is divided by 87?
86
Calculate the remainder when 819 is divided by 41.
40
Calculate the remainder when 233 is divided by 140.
93
What is the remainder when 2256 is divided by 61?
60
What is the remainder when 2562 is divided by 849?
15
Calculate the remainder when 513 is divided by 127.
5
What is the remainder when 399 is divided by 112?
63
What is the remainder when 839 is divided by 28?
27
What is the remainder when 296 is divided by 295?
1
Calculate the remainder when 175 is divided by 64.
47
Calculate the remainder when 920 is divided by 868.
52
Calculate the remainder when 1497 is divided by 12.
9
What is the remainder when 193 is divided by 45?
13
What is the remainder when 302 is divided by 166?
136
What is the remainder when 188 is divided by 63?
62
Calculate the remainder when 218 is divided by 106.
6
Calculate the remainder when 181 is divided by 61.
59
What is the remainder when 85 is divided by 36?
13
What is the remainder when 139 is divided by 7?
6
Calculate the remainder when 209 is divided by 21.
20
What is the remainder when 138 is divided by 28?
26
Calculate the remainder when 273 is divided by 137.
136
What is the remainder when 521 is divided by 149?
74
Calculate the remainder when 28 is divided by 13.
2
Calculate the remainder when 548 is divided by 144.
116
Calculate the remainder when 33028 is divided by 17.
14
Calculate the remainder when 804 is divided by 74.
64
Calculate the remainder when 3187 is divided by 400.
387
Calculate the remainder when 1427 is divided by 26.
23
What is the remainder when 272 is divided by 86?
14
What is the remainder when 219 is divided by 110?
109
Calculate the remainder when 749 is divided by 71.
39
Calculate the remainder when 410 is divided by 399.
11
What is the remainder when 402 is divided by 356?
46
Calculate the remainder when 1370 is divided by 388.
206
What is the remainder when 1077 is divided by 35?
27
Calculate the remainder when 680 is divided by 112.
8
What is the remainder when 513 is divided by 11?
7
What is the remainder when 104 is divided by 36?
32
What is the remainder when 136 is divided by 19?
3
What is the remainder when 71 is divided by 19?
14
Calculate the remainder when 333 is divided by 28.
25
What is the remainder when 835 is divided by 4?
3
Calculate the remainder when 275 is divided by 75.
50
What is the remainder when 309 is divided by 64?
53
What is the remainder when 410 is divided by 69?
65
Calculate the remainder when 1020 is divided by 173.
155
What is the remainder when 880 is divided by 177?
172
Calculate the remainder when 856 is divided by 19.
1
What is the remainder when 503 is divided by 124?
7
What is the remainder when 75 is divided by 13?
10
What is the remainder when 556 is divided by 70?
66
Calculate the remainder when 836 is divided by 119.
3
Calculate the remainder when 6957 is divided by 98.
97
Calculate the remainder when 621 is divided by 70.
61
Calculate the remainder when 139 is divided by 46.
1
What is the remainder when 151 is divided by 76?
75
Calculate the remainder when 68 is divided by 11.
2
Calculate the remainder when 1975 is divided by 13.
12
Calculate the remainder when 1036 is divided by 265.
241
What is the remainder when 603 is divided by 34?
25
What is the remainder when 626 is divided by 106?
96
What is the remainder when 1109 is divided by 21?
17
Calculate the remainder when 128 is divided by 24.
8
Calculate the remainder when 671 is divided by 27.
23
Calculate the remainder when 198 is divided by 35.
23
What is the remainder when 656 is divided by 47?
45
What is the remainder when 23919 is divided by 27?
24
What is the remainder when 245 is divided by 78?
11
What is the remainder when 645 is divided by 67?
42
Calculate the remainder when 355 is divided by 155.
45
What is the remainder when 169 is divided by 8?
1
Calculate the remainder when 153 is divided by 67.
19
Calculate the remainder when 1677 is divided by 67.
2
What is the remainder when 260 is divided by 29?
28
What is the remainder when 250 is divided by 32?
26
What is the remainder when 1574 is divided by 513?
35
Calculate the remainder when 3891 is divided by 14.
13
Calculate the remainder when 1956 is divided by 10.
6
Calculate the remainder when 1238 is divided by 21.
20
Calculate the remainder when 2546 is divided by 11.
5
Calculate the remainder when 171 is divided by 81.
9
Calculate the remainder when 651 is divided by 16.
11
What is the remainder when 506 is divided by 48?
26
Calculate the remainder when 140 is divided by 48.
44
What is the remainder when 119 is divided by 8?
7
What is the remainder when 102 is divided by 13?
11
Calculate the remainder when 312 is divided by 79.
75
Calculate the remainder when 1253 is divided by 109.
54
Calculate the remainder when 695 is divided by 174.
173
What is the remainder when 239 is divided by 31?
22
Calculate the remainder when 218 is divided by 145.
73
What is the remainder when 420 is divided by 98?
28
Calculate the remainder when 1826 is divided by 893.
40
Calculate the remainder when 248 is divided by 63.
59
Calculate the remainder when 59 is divided by 37.
22
Calculate the remainder when 401 is divided by 222.
179
Calculate the remainder when 241 is divided by 76.
13
What is the remainder when 18748 is divided by 250?
248
What is the remainder when 745 is divided by 54?
43
What is the remainder when 83 is divided by 13?
5
Calculate the remainder when 111 is divided by 58.
53
What is the remainder when 50 is divided by 19?
12
What is the remainder when 9 is divided by 5?
4
Calculate the remainder when 301 is divided by 216.
85
Calculate the remainder when 2626 is divided by 39.
13
Calculate the remainder when 375 is divided by 4.
3
Calculate the remainder when 52 is divided by 37.
15
Calculate the remainder when 1141 is divided by 19.
1
Calculate the remainder when 112 is divided by 48.
16
Calculate the remainder when 2318 is divided by 32.
14
What is the remainder when 90 is divided by 44?
2
What is the remainder when 534 is divided by 156?
66
Calculate the remainder when 239 is divided by 120.
119
Calculate the remainder when 71 is divided by 20.
11
What is the remainder when 539 is divided by 242?
55
What is the remainder when 323 is divided by 5?
3
What is the remainder when 47 is divided by 19?
9
What is the remainder when 117 is divided by 37?
6
Calculate the remainder when 5985 is divided by 2986.
13
Calculate the remainder when 1373 is divided by 17.
13
What is the remainder when 372 is divided by 13?
8
Calculate the remainder when 10347 is divided by 45.
42
What is the remainder when 17707 is divided by 23?
20
Calculate the remainder when 440 is divided by 72.
8
What is the remainder when 75 is divided by 26?
23
Calculate the remainder when 341 is divided by 18.
17
Calculate the remainder when 1160 is divided by 83.
81
What is the remainder when 1803 is divided by 151?
142
What is the remainder when 661 is divided by 83?
80
What is the remainder when 149 is divided by 70?
9
Calculate the remainder when 126 is divided 